{"id":5,"date":"2023-07-13T17:43:32","date_gmt":"2023-07-13T15:43:32","guid":{"rendered":"http:\/\/joe-fillatreau.com\/?page_id=5"},"modified":"2023-07-14T08:41:36","modified_gmt":"2023-07-14T06:41:36","slug":"biographie-de-jose-joe-fillatreau","status":"publish","type":"page","link":"https:\/\/joe-fillatreau.com\/index.php\/biographie-de-jose-joe-fillatreau\/","title":{"rendered":"BIOGRAPHIE de Jos\u00e9 &#8221;Joe&#8221; FILLATREAU"},"content":{"rendered":"\n<p>Jos\u00e9 &#8221;Joe&#8221; Fillatreau est batteur, compositeur et producteur de musique.<\/p>\n\n\n\n<p>Il a \u00e9tudi\u00e9 au Conservatoire National de R\u00e9gion de Toulouse ou il a obtenu les m\u00e9dailles d\u2019or en Batterie, percussion, fl\u00fbte \u00e0 bec et musique de chambre.<\/p>\n\n\n\n<p>Fascin\u00e9 par la p\u00e9dagogie, il est titulaire de 2 dipl\u00f4mes d\u2019\u00e9tat en Jazz et percussion classique, du Certificat d\u2019aptitude de Coordinateur aux musiques actuelles amplifi\u00e9es (Il a \u00e9t\u00e9 le premier batteur \u00e0 obtenir ce dipl\u00f4me) et du concours P.E.A. de professeur de Jazz.<\/p>\n\n\n\n<p>Il est professeur coordinateur au C.R.R. de Toulouse pour le d\u00e9partement des musiques actuelles et le d\u00e9partement Jazz \/ Musiques improvis\u00e9es.<\/p>\n\n\n\n<p>Il est aussi professeur de batterie et directeur du Big-Band au C.R.R.&nbsp;<\/p>\n\n\n\n<p>Depuis 2022, il est coordinateur des musiques actuelles,Jazz et musiques traditionnelles au P\u00f4le d\u2019enseignement sup\u00e9rieur de musique et de danse -Bordeaux Aquitaine.<\/p>\n\n\n\n<p>Il est l\u2019auteur d\u2019une m\u00e9thode compl\u00e8te de batterie en 3 Volumes:<\/p>\n\n\n\n<p>LA M\u00c9THODE DE TOM-Ed. Billaudot&nbsp;<\/p>\n\n\n\n<figure class=\"wp-block-image aligncenter size-full is-resized\"><img loading=\"lazy\" decoding=\"async\" src=\"http:\/\/joe-fillatreau.com\/wp-content\/uploads\/2023\/07\/lmdt.jpeg\" alt=\"\" class=\"wp-image-9\" width=\"244\" height=\"330\"\/><\/figure>\n\n\n\n<figure class=\"wp-block-image aligncenter size-full is-resized\"><img loading=\"lazy\" decoding=\"async\" src=\"http:\/\/joe-fillatreau.com\/wp-content\/uploads\/2023\/07\/lmdt-2-1.jpeg\" alt=\"\" class=\"wp-image-27\" width=\"326\" height=\"155\" srcset=\"https:\/\/joe-fillatreau.com\/wp-content\/uploads\/2023\/07\/lmdt-2-1.jpeg 326w, https:\/\/joe-fillatreau.com\/wp-content\/uploads\/2023\/07\/lmdt-2-1-300x143.jpeg 300w\" sizes=\"auto, (max-width: 326px) 100vw, 326px\" \/><\/figure>\n\n\n\n<p>En tant que musicien professionnel classique, Jazz et musiques actuelles, il a jou\u00e9 avec de nombreux artistes en tourn\u00e9e dans diff\u00e9rents clubs (The Cavern Club-Liverpool, The Knitting Factory and Joint Club-Hollywood, Los Angeles USA, The Costello Club-Madrid etc\u2026), festivals avec de nombreux musiciens (Hermeto Pascoal, Phil Woods, Daniel Huck, Ren\u00e9 Mailhe, Mr B, Frank Mushalle, Paul \u2018\u2019Chaplain\u2019\u2019 Ferret, Cr\u00e9sus, Chamad 4tt, trilogie stick, Jacques Adamo, Claude Egea, Olivier T\u00e9mime, Philippe Lejeune, Winton Marsalis, Ricky Nye\u2026).<\/p>\n\n\n\n<p>Il a dirig\u00e9 plusieurs projets et orchestres comme:<\/p>\n\n\n\n<p>\u2018\u2019The Phill Woods 4tt with Strings\u2019\u2019-Hommage \u00e0 Bird-Festival Jazz in Marciac 2005<\/p>\n\n\n\n<p>\u2018\u2019Hermeto Pascoal &amp; Big-Band\u2019\u2019-Rio Loco Toulouse-2005<\/p>\n\n\n\n<p>Batteur de:<\/p>\n\n\n\n<p>DISNEY EN CONCERT<\/p>\n\n\n\n<p>(Z\u00e9niths en France et Belgique)<\/p>\n\n\n\n<p>2021-2022<\/p>\n\n\n\n<p>DRAGON BALL EN CONERT<\/p>\n\n\n\n<p>(Z\u00e9niths en France et Belgique)<\/p>\n\n\n\n<p>2023<\/p>\n\n\n\n<p>SAINT SEYIA IN CONCERT<\/p>\n\n\n\n<p>TORN\u00c9E LES 100 ANS DE DISNEY<\/p>\n\n\n\n<p>(2 concerts \u00e0 la d\u00e9fense arena \u00e0 Paris puis Z\u00e9niths en France et Belgique)<\/p>\n\n\n\n<figure class=\"wp-block-image aligncenter size-full is-resized\"><img loading=\"lazy\" decoding=\"async\" src=\"http:\/\/joe-fillatreau.com\/wp-content\/uploads\/2023\/07\/D-21-22.jpeg\" alt=\"\" class=\"wp-image-14\" width=\"499\" height=\"279\"\/><\/figure>\n\n\n\n<p><\/p>\n\n\n\n<figure class=\"wp-block-image aligncenter size-full is-resized\"><img loading=\"lazy\" decoding=\"async\" src=\"http:\/\/joe-fillatreau.com\/wp-content\/uploads\/2023\/07\/dates-db.jpeg\" alt=\"\" class=\"wp-image-16\" width=\"523\" height=\"256\" srcset=\"https:\/\/joe-fillatreau.com\/wp-content\/uploads\/2023\/07\/dates-db.jpeg 321w, https:\/\/joe-fillatreau.com\/wp-content\/uploads\/2023\/07\/dates-db-300x147.jpeg 300w\" sizes=\"auto, (max-width: 523px) 100vw, 523px\" \/><\/figure>\n\n\n\n<p><\/p>\n\n\n\n<figure class=\"wp-block-image aligncenter size-full is-resized\"><img loading=\"lazy\" decoding=\"async\" src=\"http:\/\/joe-fillatreau.com\/wp-content\/uploads\/2023\/07\/SS.jpeg\" alt=\"\" class=\"wp-image-17\" width=\"521\" height=\"271\" srcset=\"https:\/\/joe-fillatreau.com\/wp-content\/uploads\/2023\/07\/SS.jpeg 311w, https:\/\/joe-fillatreau.com\/wp-content\/uploads\/2023\/07\/SS-300x156.jpeg 300w\" sizes=\"auto, (max-width: 521px) 100vw, 521px\" \/><\/figure>\n\n\n\n<p><\/p>\n\n\n\n<figure class=\"wp-block-image aligncenter size-full is-resized\"><img loading=\"lazy\" decoding=\"async\" src=\"http:\/\/joe-fillatreau.com\/wp-content\/uploads\/2023\/07\/LA-DEFENSE.jpeg\" alt=\"\" class=\"wp-image-18\" width=\"498\" height=\"498\" srcset=\"https:\/\/joe-fillatreau.com\/wp-content\/uploads\/2023\/07\/LA-DEFENSE.jpeg 225w, https:\/\/joe-fillatreau.com\/wp-content\/uploads\/2023\/07\/LA-DEFENSE-150x150.jpeg 150w\" sizes=\"auto, (max-width: 498px) 100vw, 498px\" \/><\/figure>\n\n\n\n<p><\/p>\n\n\n\n<figure class=\"wp-block-image aligncenter size-large is-resized\"><img loading=\"lazy\" decoding=\"async\" src=\"http:\/\/joe-fillatreau.com\/wp-content\/uploads\/2023\/07\/DB-PASS-768x1024.jpg\" alt=\"\" class=\"wp-image-19\" width=\"499\" height=\"665\" srcset=\"https:\/\/joe-fillatreau.com\/wp-content\/uploads\/2023\/07\/DB-PASS-768x1024.jpg 768w, https:\/\/joe-fillatreau.com\/wp-content\/uploads\/2023\/07\/DB-PASS-225x300.jpg 225w, https:\/\/joe-fillatreau.com\/wp-content\/uploads\/2023\/07\/DB-PASS-1152x1536.jpg 1152w, https:\/\/joe-fillatreau.com\/wp-content\/uploads\/2023\/07\/DB-PASS.jpg 1536w\" sizes=\"auto, (max-width: 499px) 100vw, 499px\" \/><\/figure>\n\n\n\n<p>Joe compose et joue la batterie sur l\u2019album du chanteur Hiroki Takahashi (Chanteur original de Dragon Ball) qui sortira en 2024.&nbsp;<\/p>\n\n\n\n<figure class=\"wp-block-image aligncenter size-full is-resized\"><img loading=\"lazy\" decoding=\"async\" src=\"http:\/\/joe-fillatreau.com\/wp-content\/uploads\/2023\/07\/HT.jpeg\" alt=\"\" class=\"wp-image-21\" width=\"362\" height=\"542\" srcset=\"https:\/\/joe-fillatreau.com\/wp-content\/uploads\/2023\/07\/HT.jpeg 668w, https:\/\/joe-fillatreau.com\/wp-content\/uploads\/2023\/07\/HT-200x300.jpeg 200w\" sizes=\"auto, (max-width: 362px) 100vw, 362px\" \/><\/figure>\n\n\n\n<p><\/p>\n\n\n\n<p><\/p>\n\n\n\n<p><\/p>\n\n\n\n<p><\/p>\n\n\n\n<p><\/p>\n\n\n\n<p><\/p>\n\n\n\n<p class=\"has-text-align-center\">Materiel:<\/p>\n\n\n\n<p class=\"has-text-align-center\">DS DRUMS<\/p>\n\n\n\n<p class=\"has-text-align-center\">UFIP CYMBALS<\/p>\n\n\n\n<p class=\"has-text-align-center\">EARSONICS<\/p>\n\n\n\n<p class=\"has-text-align-center\">WEISSE HUGELS&nbsp;<\/p>\n\n\n\n<figure class=\"wp-block-image aligncenter size-full is-resized\"><img loading=\"lazy\" decoding=\"async\" src=\"http:\/\/joe-fillatreau.com\/wp-content\/uploads\/2023\/07\/321544232_550557163753621_6984446714016334467_n.jpg\" alt=\"\" class=\"wp-image-22\" width=\"287\" height=\"287\" srcset=\"https:\/\/joe-fillatreau.com\/wp-content\/uploads\/2023\/07\/321544232_550557163753621_6984446714016334467_n.jpg 500w, https:\/\/joe-fillatreau.com\/wp-content\/uploads\/2023\/07\/321544232_550557163753621_6984446714016334467_n-300x300.jpg 300w, https:\/\/joe-fillatreau.com\/wp-content\/uploads\/2023\/07\/321544232_550557163753621_6984446714016334467_n-150x150.jpg 150w\" sizes=\"auto, (max-width: 287px) 100vw, 287px\" \/><\/figure>\n\n\n\n<figure class=\"wp-block-image aligncenter size-full is-resized\"><img loading=\"lazy\" decoding=\"async\" src=\"http:\/\/joe-fillatreau.com\/wp-content\/uploads\/2023\/07\/312534290_5268495363277921_2013701319567326426_n.jpg\" alt=\"\" class=\"wp-image-23\" width=\"502\" height=\"284\" srcset=\"https:\/\/joe-fillatreau.com\/wp-content\/uploads\/2023\/07\/312534290_5268495363277921_2013701319567326426_n.jpg 799w, https:\/\/joe-fillatreau.com\/wp-content\/uploads\/2023\/07\/312534290_5268495363277921_2013701319567326426_n-300x170.jpg 300w, https:\/\/joe-fillatreau.com\/wp-content\/uploads\/2023\/07\/312534290_5268495363277921_2013701319567326426_n-768x435.jpg 768w\" sizes=\"auto, (max-width: 502px) 100vw, 502px\" \/><\/figure>\n\n\n\n<p><\/p>\n\n\n\n<figure class=\"wp-block-image aligncenter size-full\"><img loading=\"lazy\" decoding=\"async\" width=\"419\" height=\"120\" src=\"http:\/\/joe-fillatreau.com\/wp-content\/uploads\/2023\/07\/es.png\" alt=\"\" class=\"wp-image-24\" srcset=\"https:\/\/joe-fillatreau.com\/wp-content\/uploads\/2023\/07\/es.png 419w, https:\/\/joe-fillatreau.com\/wp-content\/uploads\/2023\/07\/es-300x86.png 300w\" sizes=\"auto, (max-width: 419px) 100vw, 419px\" \/><\/figure>\n\n\n\n<p><\/p>\n\n\n\n<figure class=\"wp-block-image aligncenter size-full\"><img loading=\"lazy\" decoding=\"async\" width=\"225\" height=\"225\" src=\"http:\/\/joe-fillatreau.com\/wp-content\/uploads\/2023\/07\/WH.jpeg\" alt=\"\" class=\"wp-image-25\" srcset=\"https:\/\/joe-fillatreau.com\/wp-content\/uploads\/2023\/07\/WH.jpeg 225w, https:\/\/joe-fillatreau.com\/wp-content\/uploads\/2023\/07\/WH-150x150.jpeg 150w\" sizes=\"auto, (max-width: 225px) 100vw, 225px\" \/><\/figure>\n","protected":false},"excerpt":{"rendered":"<p>Jos\u00e9 &#8221;Joe&#8221; Fillatreau est batteur, compositeur et producteur de musique. Il a \u00e9tudi\u00e9 au Conservatoire National de R\u00e9gion de Toulouse ou il a obtenu les m\u00e9dailles d\u2019or en Batterie, percussion, fl\u00fbte \u00e0 bec et musique de chambre. Fascin\u00e9 par la p\u00e9dagogie, il est titulaire de 2 dipl\u00f4mes d\u2019\u00e9tat en Jazz et percussion classique, du Certificat [&hellip;]<\/p>\n","protected":false},"author":1,"featured_media":0,"parent":0,"menu_order":0,"comment_status":"closed","ping_status":"closed","template":"","meta":{"footnotes":""},"class_list":["post-5","page","type-page","status-publish","hentry"],"_links":{"self":[{"href":"https:\/\/joe-fillatreau.com\/index.php\/wp-json\/wp\/v2\/pages\/5","targetHints":{"allow":["GET"]}}],"collection":[{"href":"https:\/\/joe-fillatreau.com\/index.php\/wp-json\/wp\/v2\/pages"}],"about":[{"href":"https:\/\/joe-fillatreau.com\/index.php\/wp-json\/wp\/v2\/types\/page"}],"author":[{"embeddable":true,"href":"https:\/\/joe-fillatreau.com\/index.php\/wp-json\/wp\/v2\/users\/1"}],"replies":[{"embeddable":true,"href":"https:\/\/joe-fillatreau.com\/index.php\/wp-json\/wp\/v2\/comments?post=5"}],"version-history":[{"count":12,"href":"https:\/\/joe-fillatreau.com\/index.php\/wp-json\/wp\/v2\/pages\/5\/revisions"}],"predecessor-version":[{"id":41,"href":"https:\/\/joe-fillatreau.com\/index.php\/wp-json\/wp\/v2\/pages\/5\/revisions\/41"}],"wp:attachment":[{"href":"https:\/\/joe-fillatreau.com\/index.php\/wp-json\/wp\/v2\/media?parent=5"}],"curies":[{"name":"wp","href":"https:\/\/api.w.org\/{rel}","templated":true}]}}